
{"version":"1.0","provider_name":"w-l-c","provider_url":"https:\/\/w-l-c.be\/fr\/","author_name":"Aurore Engelen","author_url":"https:\/\/w-l-c.be\/fr\/author\/aurore-engelen\/","title":"\"Home\", adolescence en crise - w-l-c","type":"rich","width":600,"height":338,"html":"<blockquote class=\"wp-embedded-content\" data-secret=\"4YIXomyMtO\"><a href=\"https:\/\/w-l-c.be\/fr\/94828\/\">\u00ab\u00a0Home\u00a0\u00bb, adolescence en crise<\/a><\/blockquote><iframe sandbox=\"allow-scripts\" security=\"restricted\" src=\"https:\/\/w-l-c.be\/fr\/94828\/embed\/#?secret=4YIXomyMtO\" width=\"600\" height=\"338\" title=\"\u00ab\u00a0\u00ab\u00a0Home\u00a0\u00bb, adolescence en crise\u00a0\u00bb &#8212; w-l-c\" data-secret=\"4YIXomyMtO\" frameborder=\"0\" marginwidth=\"0\" marginheight=\"0\" scrolling=\"no\" class=\"wp-embedded-content\"><\/iframe><script type=\"text\/javascript\">\n\/* <![CDATA[ *\/\n\/*! This file is auto-generated *\/\n!function(d,l){\"use strict\";l.querySelector&&d.addEventListener&&\"undefined\"!=typeof URL&&(d.wp=d.wp||{},d.wp.receiveEmbedMessage||(d.wp.receiveEmbedMessage=function(e){var t=e.data;if((t||t.secret||t.message||t.value)&&!\/[^a-zA-Z0-9]\/.test(t.secret)){for(var s,r,n,a=l.querySelectorAll('iframe[data-secret=\"'+t.secret+'\"]'),o=l.querySelectorAll('blockquote[data-secret=\"'+t.secret+'\"]'),c=new RegExp(\"^https?:$\",\"i\"),i=0;i<o.length;i++)o[i].style.display=\"none\";for(i=0;i<a.length;i++)s=a[i],e.source===s.contentWindow&&(s.removeAttribute(\"style\"),\"height\"===t.message?(1e3<(r=parseInt(t.value,10))?r=1e3:~~r<200&&(r=200),s.height=r):\"link\"===t.message&&(r=new URL(s.getAttribute(\"src\")),n=new URL(t.value),c.test(n.protocol))&&n.host===r.host&&l.activeElement===s&&(d.top.location.href=t.value))}},d.addEventListener(\"message\",d.wp.receiveEmbedMessage,!1),l.addEventListener(\"DOMContentLoaded\",function(){for(var e,t,s=l.querySelectorAll(\"iframe.wp-embedded-content\"),r=0;r<s.length;r++)(t=(e=s[r]).getAttribute(\"data-secret\"))||(t=Math.random().toString(36).substring(2,12),e.src+=\"#?secret=\"+t,e.setAttribute(\"data-secret\",t)),e.contentWindow.postMessage({message:\"ready\",secret:t},\"*\")},!1)))}(window,document);\n\/* ]]> *\/\n<\/script>\n","thumbnail_url":"https:\/\/w-l-c.be\/wp-content\/uploads\/2017\/01\/Home3.jpg","thumbnail_width":1600,"thumbnail_height":1200,"description":"Home, le quatri\u00e8me film de Fien Troch, sort mercredi prochain dans les salles belges. Pr\u00e9sent\u00e9 dans de nombreux festivals, il\u00a0a valu \u00e0 la r\u00e9alisatrice un Prix de la meilleure r\u00e9alisateur \u00e0 Venise, et a remport\u00e9 pas moins de deux Prix du public lors du dernier Festival de Gand. \u00a0\u00a0"}

Home, le quatrième film de Fien Troch, sort mercredi prochain dans les salles belges. Présenté dans de nombreux festivals, il a valu à la réalisatrice un Prix de la meilleure réalisateur à Venise, et a remporté pas moins de deux Prix du public lors du dernier Festival de Gand.
