
{"version":"1.0","provider_name":"w-l-c","provider_url":"https:\/\/w-l-c.be\/fr\/","author_name":"Aurore Engelen","author_url":"https:\/\/w-l-c.be\/fr\/author\/aurore-engelen\/","title":"Stage avec la r\u00e9alisatrice et chor\u00e9graphe Edith Depaule - w-l-c","type":"rich","width":600,"height":338,"html":"<blockquote class=\"wp-embedded-content\" data-secret=\"wauK4gXgUC\"><a href=\"https:\/\/w-l-c.be\/fr\/99263\/\">Stage avec la r\u00e9alisatrice et chor\u00e9graphe Edith Depaule<\/a><\/blockquote><iframe sandbox=\"allow-scripts\" security=\"restricted\" src=\"https:\/\/w-l-c.be\/fr\/99263\/embed\/#?secret=wauK4gXgUC\" width=\"600\" height=\"338\" title=\"\u00ab\u00a0Stage avec la r\u00e9alisatrice et chor\u00e9graphe Edith Depaule\u00a0\u00bb &#8212; w-l-c\" data-secret=\"wauK4gXgUC\" frameborder=\"0\" marginwidth=\"0\" marginheight=\"0\" scrolling=\"no\" class=\"wp-embedded-content\"><\/iframe><script type=\"text\/javascript\">\n\/* <![CDATA[ *\/\n\/*! This file is auto-generated *\/\n!function(d,l){\"use strict\";l.querySelector&&d.addEventListener&&\"undefined\"!=typeof URL&&(d.wp=d.wp||{},d.wp.receiveEmbedMessage||(d.wp.receiveEmbedMessage=function(e){var t=e.data;if((t||t.secret||t.message||t.value)&&!\/[^a-zA-Z0-9]\/.test(t.secret)){for(var s,r,n,a=l.querySelectorAll('iframe[data-secret=\"'+t.secret+'\"]'),o=l.querySelectorAll('blockquote[data-secret=\"'+t.secret+'\"]'),c=new RegExp(\"^https?:$\",\"i\"),i=0;i<o.length;i++)o[i].style.display=\"none\";for(i=0;i<a.length;i++)s=a[i],e.source===s.contentWindow&&(s.removeAttribute(\"style\"),\"height\"===t.message?(1e3<(r=parseInt(t.value,10))?r=1e3:~~r<200&&(r=200),s.height=r):\"link\"===t.message&&(r=new URL(s.getAttribute(\"src\")),n=new URL(t.value),c.test(n.protocol))&&n.host===r.host&&l.activeElement===s&&(d.top.location.href=t.value))}},d.addEventListener(\"message\",d.wp.receiveEmbedMessage,!1),l.addEventListener(\"DOMContentLoaded\",function(){for(var e,t,s=l.querySelectorAll(\"iframe.wp-embedded-content\"),r=0;r<s.length;r++)(t=(e=s[r]).getAttribute(\"data-secret\"))||(t=Math.random().toString(36).substring(2,12),e.src+=\"#?secret=\"+t,e.setAttribute(\"data-secret\",t)),e.contentWindow.postMessage({message:\"ready\",secret:t},\"*\")},!1)))}(window,document);\n\/* ]]> *\/\n<\/script>\n","thumbnail_url":"https:\/\/w-l-c.be\/wp-content\/uploads\/2017\/05\/EdithDepaule.jpg","thumbnail_width":750,"thumbnail_height":400,"description":"L&rsquo;ASBL trou de ver organise un stage destin\u00e9 aux professionnels de la sc\u00e8ne et du cin\u00e9ma (com\u00e9diens, r\u00e9alisateurs et sc\u00e9naristes) avec la r\u00e9alisatrice et chor\u00e9graphe Edith Depaule (The Dancing) qui aura lieu \u00e0 Bruxelles du lundi 5 juin au vendredi 9 juin 2017. &nbsp;"}

Stage avec la réalisatrice et chorégraphe Edith Depaule - w-l-c

<blockquote class="wp-embedded-content" data-secret="wauK4gXgUC"><a href="https://w-l-c.be/fr/99263/">Stage avec la réalisatrice et chorégraphe Edith Depaule</a></blockquote><iframe sandbox="allow-scripts" security="restricted" src="https://w-l-c.be/fr/99263/embed/#?secret=wauK4gXgUC" width="600" height="338" title="« Stage avec la réalisatrice et chorégraphe Edith Depaule » &#8212; w-l-c" data-secret="wauK4gXgUC" frameborder="0" marginwidth="0" marginheight="0" scrolling="no" class="wp-embedded-content"></iframe><script type="text/javascript">
/* <![CDATA[ */
/*! This file is auto-generated */
!function(d,l){"use strict";l.querySelector&&d.addEventListener&&"undefined"!=typeof URL&&(d.wp=d.wp||{},d.wp.receiveEmbedMessage||(d.wp.receiveEmbedMessage=function(e){var t=e.data;if((t||t.secret||t.message||t.value)&&!/[^a-zA-Z0-9]/.test(t.secret)){for(var s,r,n,a=l.querySelectorAll('iframe[data-secret="'+t.secret+'"]'),o=l.querySelectorAll('blockquote[data-secret="'+t.secret+'"]'),c=new RegExp("^https?:$","i"),i=0;i<o.length;i++)o[i].style.display="none";for(i=0;i<a.length;i++)s=a[i],e.source===s.contentWindow&&(s.removeAttribute("style"),"height"===t.message?(1e3<(r=parseInt(t.value,10))?r=1e3:~~r<200&&(r=200),s.height=r):"link"===t.message&&(r=new URL(s.getAttribute("src")),n=new URL(t.value),c.test(n.protocol))&&n.host===r.host&&l.activeElement===s&&(d.top.location.href=t.value))}},d.addEventListener("message",d.wp.receiveEmbedMessage,!1),l.addEventListener("DOMContentLoaded",function(){for(var e,t,s=l.querySelectorAll("iframe.wp-embedded-content"),r=0;r<s.length;r++)(t=(e=s[r]).getAttribute("data-secret"))||(t=Math.random().toString(36).substring(2,12),e.src+="#?secret="+t,e.setAttribute("data-secret",t)),e.contentWindow.postMessage({message:"ready",secret:t},"*")},!1)))}(window,document);
/* ]]> */
</script>

L&rsquo;ASBL trou de ver organise un stage destiné aux professionnels de la scène et du cinéma (comédiens, réalisateurs et scénaristes) avec la réalisatrice et chorégraphe Edith Depaule (The Dancing) qui aura lieu à Bruxelles du lundi 5 juin au vendredi 9 juin 2017. &nbsp;
