
{"version":"1.0","provider_name":"w-l-c","provider_url":"https:\/\/w-l-c.be\/fr\/","author_name":"Laurent","author_url":"https:\/\/w-l-c.be\/fr\/author\/laurent\/","title":"Edition adapt\u00e9e pour le 15\u00e8me Brussels Film Festival - w-l-c","type":"rich","width":600,"height":338,"html":"<blockquote class=\"wp-embedded-content\" data-secret=\"or6b9xZUi6\"><a href=\"https:\/\/w-l-c.be\/fr\/edition-adaptee-15eme-brussels-film-festival\/\">Edition adapt\u00e9e pour le 15\u00e8me Brussels Film Festival<\/a><\/blockquote><iframe sandbox=\"allow-scripts\" security=\"restricted\" src=\"https:\/\/w-l-c.be\/fr\/edition-adaptee-15eme-brussels-film-festival\/embed\/#?secret=or6b9xZUi6\" width=\"600\" height=\"338\" title=\"\u00ab\u00a0Edition adapt\u00e9e pour le 15\u00e8me Brussels Film Festival\u00a0\u00bb &#8212; w-l-c\" data-secret=\"or6b9xZUi6\" frameborder=\"0\" marginwidth=\"0\" marginheight=\"0\" scrolling=\"no\" class=\"wp-embedded-content\"><\/iframe><script type=\"text\/javascript\">\n\/* <![CDATA[ *\/\n\/*! This file is auto-generated *\/\n!function(d,l){\"use strict\";l.querySelector&&d.addEventListener&&\"undefined\"!=typeof URL&&(d.wp=d.wp||{},d.wp.receiveEmbedMessage||(d.wp.receiveEmbedMessage=function(e){var t=e.data;if((t||t.secret||t.message||t.value)&&!\/[^a-zA-Z0-9]\/.test(t.secret)){for(var s,r,n,a=l.querySelectorAll('iframe[data-secret=\"'+t.secret+'\"]'),o=l.querySelectorAll('blockquote[data-secret=\"'+t.secret+'\"]'),c=new RegExp(\"^https?:$\",\"i\"),i=0;i<o.length;i++)o[i].style.display=\"none\";for(i=0;i<a.length;i++)s=a[i],e.source===s.contentWindow&&(s.removeAttribute(\"style\"),\"height\"===t.message?(1e3<(r=parseInt(t.value,10))?r=1e3:~~r<200&&(r=200),s.height=r):\"link\"===t.message&&(r=new URL(s.getAttribute(\"src\")),n=new URL(t.value),c.test(n.protocol))&&n.host===r.host&&l.activeElement===s&&(d.top.location.href=t.value))}},d.addEventListener(\"message\",d.wp.receiveEmbedMessage,!1),l.addEventListener(\"DOMContentLoaded\",function(){for(var e,t,s=l.querySelectorAll(\"iframe.wp-embedded-content\"),r=0;r<s.length;r++)(t=(e=s[r]).getAttribute(\"data-secret\"))||(t=Math.random().toString(36).substring(2,12),e.src+=\"#?secret=\"+t,e.setAttribute(\"data-secret\",t)),e.contentWindow.postMessage({message:\"ready\",secret:t},\"*\")},!1)))}(window,document);\n\/* ]]> *\/\n<\/script>\n","thumbnail_url":"https:\/\/w-l-c.be\/wp-content\/uploads\/2017\/05\/bloggif_591474a9a4000-1.jpg","thumbnail_width":627,"thumbnail_height":375,"description":"Malgr\u00e9 les craintes qui ont un temps pes\u00e9 sur sa tenue, le Brussels Film Festival reviendra bien en juin pour une 15\u00e8me \u00e9dition sensiblement all\u00e9g\u00e9e, pour 14 jours de cin\u00e9ma europ\u00e9en,&nbsp;au travers d\u2019une s\u00e9rie d\u2019\u00e9v\u00e9nements qui se d\u00e9rouleront du 10 au 23 juin 2017, \u00e0 Flagey\/Place Ste Croix, \u00e0 la Cinematek, au Th\u00e9\u00e2tre 140 et &hellip;"}

Edition adaptée pour le 15ème Brussels Film Festival - w-l-c

<blockquote class="wp-embedded-content" data-secret="or6b9xZUi6"><a href="https://w-l-c.be/fr/edition-adaptee-15eme-brussels-film-festival/">Edition adaptée pour le 15ème Brussels Film Festival</a></blockquote><iframe sandbox="allow-scripts" security="restricted" src="https://w-l-c.be/fr/edition-adaptee-15eme-brussels-film-festival/embed/#?secret=or6b9xZUi6" width="600" height="338" title="« Edition adaptée pour le 15ème Brussels Film Festival » &#8212; w-l-c" data-secret="or6b9xZUi6" frameborder="0" marginwidth="0" marginheight="0" scrolling="no" class="wp-embedded-content"></iframe><script type="text/javascript">
/* <![CDATA[ */
/*! This file is auto-generated */
!function(d,l){"use strict";l.querySelector&&d.addEventListener&&"undefined"!=typeof URL&&(d.wp=d.wp||{},d.wp.receiveEmbedMessage||(d.wp.receiveEmbedMessage=function(e){var t=e.data;if((t||t.secret||t.message||t.value)&&!/[^a-zA-Z0-9]/.test(t.secret)){for(var s,r,n,a=l.querySelectorAll('iframe[data-secret="'+t.secret+'"]'),o=l.querySelectorAll('blockquote[data-secret="'+t.secret+'"]'),c=new RegExp("^https?:$","i"),i=0;i<o.length;i++)o[i].style.display="none";for(i=0;i<a.length;i++)s=a[i],e.source===s.contentWindow&&(s.removeAttribute("style"),"height"===t.message?(1e3<(r=parseInt(t.value,10))?r=1e3:~~r<200&&(r=200),s.height=r):"link"===t.message&&(r=new URL(s.getAttribute("src")),n=new URL(t.value),c.test(n.protocol))&&n.host===r.host&&l.activeElement===s&&(d.top.location.href=t.value))}},d.addEventListener("message",d.wp.receiveEmbedMessage,!1),l.addEventListener("DOMContentLoaded",function(){for(var e,t,s=l.querySelectorAll("iframe.wp-embedded-content"),r=0;r<s.length;r++)(t=(e=s[r]).getAttribute("data-secret"))||(t=Math.random().toString(36).substring(2,12),e.src+="#?secret="+t,e.setAttribute("data-secret",t)),e.contentWindow.postMessage({message:"ready",secret:t},"*")},!1)))}(window,document);
/* ]]> */
</script>

Malgré les craintes qui ont un temps pesé sur sa tenue, le Brussels Film Festival reviendra bien en juin pour une 15ème édition sensiblement allégée, pour 14 jours de cinéma européen,&nbsp;au travers d’une série d’événements qui se dérouleront du 10 au 23 juin 2017, à Flagey/Place Ste Croix, à la Cinematek, au Théâtre 140 et &hellip;
