
{"version":"1.0","provider_name":"w-l-c","provider_url":"https:\/\/w-l-c.be\/fr\/","author_name":"Aurore Engelen","author_url":"https:\/\/w-l-c.be\/fr\/author\/aurore-engelen\/","title":"Etre documentariste aujourd'hui en Belgique - w-l-c","type":"rich","width":600,"height":338,"html":"<blockquote class=\"wp-embedded-content\" data-secret=\"Cqv3W2GkEv\"><a href=\"https:\/\/w-l-c.be\/fr\/etre-documentariste-aujourdhui-belgique\/\">Etre documentariste aujourd&rsquo;hui en Belgique<\/a><\/blockquote><iframe sandbox=\"allow-scripts\" security=\"restricted\" src=\"https:\/\/w-l-c.be\/fr\/etre-documentariste-aujourdhui-belgique\/embed\/#?secret=Cqv3W2GkEv\" width=\"600\" height=\"338\" title=\"\u00ab\u00a0Etre documentariste aujourd&rsquo;hui en Belgique\u00a0\u00bb &#8212; w-l-c\" data-secret=\"Cqv3W2GkEv\" frameborder=\"0\" marginwidth=\"0\" marginheight=\"0\" scrolling=\"no\" class=\"wp-embedded-content\"><\/iframe><script type=\"text\/javascript\">\n\/* <![CDATA[ *\/\n\/*! This file is auto-generated *\/\n!function(d,l){\"use strict\";l.querySelector&&d.addEventListener&&\"undefined\"!=typeof URL&&(d.wp=d.wp||{},d.wp.receiveEmbedMessage||(d.wp.receiveEmbedMessage=function(e){var t=e.data;if((t||t.secret||t.message||t.value)&&!\/[^a-zA-Z0-9]\/.test(t.secret)){for(var s,r,n,a=l.querySelectorAll('iframe[data-secret=\"'+t.secret+'\"]'),o=l.querySelectorAll('blockquote[data-secret=\"'+t.secret+'\"]'),c=new RegExp(\"^https?:$\",\"i\"),i=0;i<o.length;i++)o[i].style.display=\"none\";for(i=0;i<a.length;i++)s=a[i],e.source===s.contentWindow&&(s.removeAttribute(\"style\"),\"height\"===t.message?(1e3<(r=parseInt(t.value,10))?r=1e3:~~r<200&&(r=200),s.height=r):\"link\"===t.message&&(r=new URL(s.getAttribute(\"src\")),n=new URL(t.value),c.test(n.protocol))&&n.host===r.host&&l.activeElement===s&&(d.top.location.href=t.value))}},d.addEventListener(\"message\",d.wp.receiveEmbedMessage,!1),l.addEventListener(\"DOMContentLoaded\",function(){for(var e,t,s=l.querySelectorAll(\"iframe.wp-embedded-content\"),r=0;r<s.length;r++)(t=(e=s[r]).getAttribute(\"data-secret\"))||(t=Math.random().toString(36).substring(2,12),e.src+=\"#?secret=\"+t,e.setAttribute(\"data-secret\",t)),e.contentWindow.postMessage({message:\"ready\",secret:t},\"*\")},!1)))}(window,document);\n\/* ]]> *\/\n<\/script>\n","thumbnail_url":"https:\/\/w-l-c.be\/wp-content\/uploads\/2017\/06\/65il-a-plu.jpg","thumbnail_width":640,"thumbnail_height":360,"description":"Le cin\u00e9ma documentaire fait partie de l&rsquo;ADN du cin\u00e9ma belge. Il a ses glorieux a\u00een\u00e9s, ses valeurs sures\u00a0actuelles, et ses jeunes pousses prometteuses. Plus encore, il est une inspiration \u00e9vidente de tout un pan du cin\u00e9ma de fiction, belge et mondial, qui lui emprunte ses m\u00e9thodes, sa forme, ses lignes de force. Il est une &hellip;"}

Le cinéma documentaire fait partie de l&rsquo;ADN du cinéma belge. Il a ses glorieux aînés, ses valeurs sures actuelles, et ses jeunes pousses prometteuses. Plus encore, il est une inspiration évidente de tout un pan du cinéma de fiction, belge et mondial, qui lui emprunte ses méthodes, sa forme, ses lignes de force. Il est une &hellip;
