
{"version":"1.0","provider_name":"w-l-c","provider_url":"https:\/\/w-l-c.be\/fr\/","author_name":"Philippe.Pierquin","author_url":"https:\/\/w-l-c.be\/fr\/author\/philippe-pierquin\/","title":"FIFF 2015 : l'agenda belge - w-l-c","type":"rich","width":600,"height":338,"html":"<blockquote class=\"wp-embedded-content\" data-secret=\"l8Lk5k064K\"><a href=\"https:\/\/w-l-c.be\/fr\/fiff-2015-lagenda-belge\/\">FIFF 2015 : l&rsquo;agenda belge<\/a><\/blockquote><iframe sandbox=\"allow-scripts\" security=\"restricted\" src=\"https:\/\/w-l-c.be\/fr\/fiff-2015-lagenda-belge\/embed\/#?secret=l8Lk5k064K\" width=\"600\" height=\"338\" title=\"\u00ab\u00a0FIFF 2015 : l&rsquo;agenda belge\u00a0\u00bb &#8212; w-l-c\" data-secret=\"l8Lk5k064K\" frameborder=\"0\" marginwidth=\"0\" marginheight=\"0\" scrolling=\"no\" class=\"wp-embedded-content\"><\/iframe><script type=\"text\/javascript\">\n\/* <![CDATA[ *\/\n\/*! This file is auto-generated *\/\n!function(d,l){\"use strict\";l.querySelector&&d.addEventListener&&\"undefined\"!=typeof URL&&(d.wp=d.wp||{},d.wp.receiveEmbedMessage||(d.wp.receiveEmbedMessage=function(e){var t=e.data;if((t||t.secret||t.message||t.value)&&!\/[^a-zA-Z0-9]\/.test(t.secret)){for(var s,r,n,a=l.querySelectorAll('iframe[data-secret=\"'+t.secret+'\"]'),o=l.querySelectorAll('blockquote[data-secret=\"'+t.secret+'\"]'),c=new RegExp(\"^https?:$\",\"i\"),i=0;i<o.length;i++)o[i].style.display=\"none\";for(i=0;i<a.length;i++)s=a[i],e.source===s.contentWindow&&(s.removeAttribute(\"style\"),\"height\"===t.message?(1e3<(r=parseInt(t.value,10))?r=1e3:~~r<200&&(r=200),s.height=r):\"link\"===t.message&&(r=new URL(s.getAttribute(\"src\")),n=new URL(t.value),c.test(n.protocol))&&n.host===r.host&&l.activeElement===s&&(d.top.location.href=t.value))}},d.addEventListener(\"message\",d.wp.receiveEmbedMessage,!1),l.addEventListener(\"DOMContentLoaded\",function(){for(var e,t,s=l.querySelectorAll(\"iframe.wp-embedded-content\"),r=0;r<s.length;r++)(t=(e=s[r]).getAttribute(\"data-secret\"))||(t=Math.random().toString(36).substring(2,12),e.src+=\"#?secret=\"+t,e.setAttribute(\"data-secret\",t)),e.contentWindow.postMessage({message:\"ready\",secret:t},\"*\")},!1)))}(window,document);\n\/* ]]> *\/\n<\/script>\n","thumbnail_url":"https:\/\/w-l-c.be\/wp-content\/uploads\/2010\/10\/15249339840_bf2d0de66a_o.jpg","thumbnail_width":3280,"thumbnail_height":2224,"description":"Le FIFF, \u00e7a commence\u00a0ce vendredi 2 octobre Pendant huit jours, la ville de Namur va vivre sous l&#8217;emprise d&rsquo;une fi\u00e8vre cin\u00e9matographique qui va faire rougir les cin\u00e9philes\u2026 de plaisir. Cinevox sera bien s\u00fbr sur place pour (vous faire) d\u00e9couvrir les longs m\u00e9trages belges francophones et flamands propos\u00e9s en premi\u00e8re Belge entre l&rsquo;Eldorado, la Maison de &hellip;"}

Le FIFF, ça commence ce vendredi 2 octobre Pendant huit jours, la ville de Namur va vivre sous l&#8217;emprise d&rsquo;une fièvre cinématographique qui va faire rougir les cinéphiles… de plaisir. Cinevox sera bien sûr sur place pour (vous faire) découvrir les longs métrages belges francophones et flamands proposés en première Belge entre l&rsquo;Eldorado, la Maison de &hellip;
