
{"version":"1.0","provider_name":"w-l-c","provider_url":"https:\/\/w-l-c.be\/fr\/","author_name":"Aurore Engelen","author_url":"https:\/\/w-l-c.be\/fr\/author\/aurore-engelen\/","title":"\"L'Enfant Salamandre\" \u00e0 la Cin\u00e9fondation! - w-l-c","type":"rich","width":600,"height":338,"html":"<blockquote class=\"wp-embedded-content\" data-secret=\"TQAxBs6tu4\"><a href=\"https:\/\/w-l-c.be\/fr\/lenfant-salamandre-a-la-cinefondation\/\">\u00ab\u00a0L&rsquo;Enfant Salamandre\u00a0\u00bb \u00e0 la Cin\u00e9fondation!<\/a><\/blockquote><iframe sandbox=\"allow-scripts\" security=\"restricted\" src=\"https:\/\/w-l-c.be\/fr\/lenfant-salamandre-a-la-cinefondation\/embed\/#?secret=TQAxBs6tu4\" width=\"600\" height=\"338\" title=\"\u00ab\u00a0\u00ab\u00a0L&rsquo;Enfant Salamandre\u00a0\u00bb \u00e0 la Cin\u00e9fondation!\u00a0\u00bb &#8212; w-l-c\" data-secret=\"TQAxBs6tu4\" frameborder=\"0\" marginwidth=\"0\" marginheight=\"0\" scrolling=\"no\" class=\"wp-embedded-content\"><\/iframe><script type=\"text\/javascript\">\n\/* <![CDATA[ *\/\n\/*! This file is auto-generated *\/\n!function(d,l){\"use strict\";l.querySelector&&d.addEventListener&&\"undefined\"!=typeof URL&&(d.wp=d.wp||{},d.wp.receiveEmbedMessage||(d.wp.receiveEmbedMessage=function(e){var t=e.data;if((t||t.secret||t.message||t.value)&&!\/[^a-zA-Z0-9]\/.test(t.secret)){for(var s,r,n,a=l.querySelectorAll('iframe[data-secret=\"'+t.secret+'\"]'),o=l.querySelectorAll('blockquote[data-secret=\"'+t.secret+'\"]'),c=new RegExp(\"^https?:$\",\"i\"),i=0;i<o.length;i++)o[i].style.display=\"none\";for(i=0;i<a.length;i++)s=a[i],e.source===s.contentWindow&&(s.removeAttribute(\"style\"),\"height\"===t.message?(1e3<(r=parseInt(t.value,10))?r=1e3:~~r<200&&(r=200),s.height=r):\"link\"===t.message&&(r=new URL(s.getAttribute(\"src\")),n=new URL(t.value),c.test(n.protocol))&&n.host===r.host&&l.activeElement===s&&(d.top.location.href=t.value))}},d.addEventListener(\"message\",d.wp.receiveEmbedMessage,!1),l.addEventListener(\"DOMContentLoaded\",function(){for(var e,t,s=l.querySelectorAll(\"iframe.wp-embedded-content\"),r=0;r<s.length;r++)(t=(e=s[r]).getAttribute(\"data-secret\"))||(t=Math.random().toString(36).substring(2,12),e.src+=\"#?secret=\"+t,e.setAttribute(\"data-secret\",t)),e.contentWindow.postMessage({message:\"ready\",secret:t},\"*\")},!1)))}(window,document);\n\/* ]]> *\/\n<\/script>\n","thumbnail_url":"https:\/\/w-l-c.be\/wp-content\/uploads\/2021\/06\/Lenfant-salamandre-2-1.jpg","thumbnail_width":1920,"thumbnail_height":804,"description":"Le film de fin d\u2019\u00e9tude de Th\u00e9o D\u00e9gen\u00a0L\u2019Enfant salamandre est s\u00e9lectionn\u00e9 \u00e0 la Cin\u00e9fondation du prochain Festival de Cannes, qui se tiendra du 6 au 17 juillet 2021 . L&rsquo;ann\u00e9e derni\u00e8re, le jeune r\u00e9alisateur belge avait d\u00e9j\u00e0 pr\u00e9sent\u00e9 un film au Festival de Namur, L&rsquo;isola dei Sogni. Que quoi parle L&rsquo;Enfant Salamandre? A 15 ans, &hellip;"}

"L'Enfant Salamandre" à la Cinéfondation! - w-l-c

<blockquote class="wp-embedded-content" data-secret="TQAxBs6tu4"><a href="https://w-l-c.be/fr/lenfant-salamandre-a-la-cinefondation/">« L&rsquo;Enfant Salamandre » à la Cinéfondation!</a></blockquote><iframe sandbox="allow-scripts" security="restricted" src="https://w-l-c.be/fr/lenfant-salamandre-a-la-cinefondation/embed/#?secret=TQAxBs6tu4" width="600" height="338" title="« « L&rsquo;Enfant Salamandre » à la Cinéfondation! » &#8212; w-l-c" data-secret="TQAxBs6tu4" frameborder="0" marginwidth="0" marginheight="0" scrolling="no" class="wp-embedded-content"></iframe><script type="text/javascript">
/* <![CDATA[ */
/*! This file is auto-generated */
!function(d,l){"use strict";l.querySelector&&d.addEventListener&&"undefined"!=typeof URL&&(d.wp=d.wp||{},d.wp.receiveEmbedMessage||(d.wp.receiveEmbedMessage=function(e){var t=e.data;if((t||t.secret||t.message||t.value)&&!/[^a-zA-Z0-9]/.test(t.secret)){for(var s,r,n,a=l.querySelectorAll('iframe[data-secret="'+t.secret+'"]'),o=l.querySelectorAll('blockquote[data-secret="'+t.secret+'"]'),c=new RegExp("^https?:$","i"),i=0;i<o.length;i++)o[i].style.display="none";for(i=0;i<a.length;i++)s=a[i],e.source===s.contentWindow&&(s.removeAttribute("style"),"height"===t.message?(1e3<(r=parseInt(t.value,10))?r=1e3:~~r<200&&(r=200),s.height=r):"link"===t.message&&(r=new URL(s.getAttribute("src")),n=new URL(t.value),c.test(n.protocol))&&n.host===r.host&&l.activeElement===s&&(d.top.location.href=t.value))}},d.addEventListener("message",d.wp.receiveEmbedMessage,!1),l.addEventListener("DOMContentLoaded",function(){for(var e,t,s=l.querySelectorAll("iframe.wp-embedded-content"),r=0;r<s.length;r++)(t=(e=s[r]).getAttribute("data-secret"))||(t=Math.random().toString(36).substring(2,12),e.src+="#?secret="+t,e.setAttribute("data-secret",t)),e.contentWindow.postMessage({message:"ready",secret:t},"*")},!1)))}(window,document);
/* ]]> */
</script>

Le film de fin d’étude de Théo Dégen L’Enfant salamandre est sélectionné à la Cinéfondation du prochain Festival de Cannes, qui se tiendra du 6 au 17 juillet 2021 . L&rsquo;année dernière, le jeune réalisateur belge avait déjà présenté un film au Festival de Namur, L&rsquo;isola dei Sogni. Que quoi parle L&rsquo;Enfant Salamandre? A 15 ans, &hellip;
