
{"version":"1.0","provider_name":"w-l-c","provider_url":"https:\/\/w-l-c.be\/fr\/","author_name":"Aurore Engelen","author_url":"https:\/\/w-l-c.be\/fr\/author\/aurore-engelen\/","title":"\"Nos jeunesses perdues\" d'Eric D'Agostino - w-l-c","type":"rich","width":600,"height":338,"html":"<blockquote class=\"wp-embedded-content\" data-secret=\"OmxYK19MOP\"><a href=\"https:\/\/w-l-c.be\/fr\/nos-jeunesses-perdues-deric-dagostino\/\">\u00ab\u00a0Nos jeunesses perdues\u00a0\u00bb d&rsquo;Eric D&rsquo;Agostino<\/a><\/blockquote><iframe sandbox=\"allow-scripts\" security=\"restricted\" src=\"https:\/\/w-l-c.be\/fr\/nos-jeunesses-perdues-deric-dagostino\/embed\/#?secret=OmxYK19MOP\" width=\"600\" height=\"338\" title=\"\u00ab\u00a0\u00ab\u00a0Nos jeunesses perdues\u00a0\u00bb d&rsquo;Eric D&rsquo;Agostino\u00a0\u00bb &#8212; w-l-c\" data-secret=\"OmxYK19MOP\" frameborder=\"0\" marginwidth=\"0\" marginheight=\"0\" scrolling=\"no\" class=\"wp-embedded-content\"><\/iframe><script type=\"text\/javascript\">\n\/* <![CDATA[ *\/\n\/*! This file is auto-generated *\/\n!function(d,l){\"use strict\";l.querySelector&&d.addEventListener&&\"undefined\"!=typeof URL&&(d.wp=d.wp||{},d.wp.receiveEmbedMessage||(d.wp.receiveEmbedMessage=function(e){var t=e.data;if((t||t.secret||t.message||t.value)&&!\/[^a-zA-Z0-9]\/.test(t.secret)){for(var s,r,n,a=l.querySelectorAll('iframe[data-secret=\"'+t.secret+'\"]'),o=l.querySelectorAll('blockquote[data-secret=\"'+t.secret+'\"]'),c=new RegExp(\"^https?:$\",\"i\"),i=0;i<o.length;i++)o[i].style.display=\"none\";for(i=0;i<a.length;i++)s=a[i],e.source===s.contentWindow&&(s.removeAttribute(\"style\"),\"height\"===t.message?(1e3<(r=parseInt(t.value,10))?r=1e3:~~r<200&&(r=200),s.height=r):\"link\"===t.message&&(r=new URL(s.getAttribute(\"src\")),n=new URL(t.value),c.test(n.protocol))&&n.host===r.host&&l.activeElement===s&&(d.top.location.href=t.value))}},d.addEventListener(\"message\",d.wp.receiveEmbedMessage,!1),l.addEventListener(\"DOMContentLoaded\",function(){for(var e,t,s=l.querySelectorAll(\"iframe.wp-embedded-content\"),r=0;r<s.length;r++)(t=(e=s[r]).getAttribute(\"data-secret\"))||(t=Math.random().toString(36).substring(2,12),e.src+=\"#?secret=\"+t,e.setAttribute(\"data-secret\",t)),e.contentWindow.postMessage({message:\"ready\",secret:t},\"*\")},!1)))}(window,document);\n\/* ]]> *\/\n<\/script>\n","thumbnail_url":"https:\/\/w-l-c.be\/wp-content\/uploads\/2020\/10\/ng_c6835ce44bf75874e63c-324x183@2x-1.jpg","thumbnail_width":648,"thumbnail_height":366,"description":"Diffusion ce lundi soir \u00e0 21h05 sur La Trois de Nos jeunesses perdues d&rsquo;Eric D&rsquo;Agostino. Ce film est une immersion au coeur d\u2019une prison de jeunes d\u00e9linquants. Il nous plonge dans un huis clos p\u00e9nitentiaire et nous entra\u00eene \u00e0 la rencontre d\u2019une dizaine d\u2019adolescents incarc\u00e9r\u00e9s pour des peines de longues dur\u00e9es, ainsi que du personnel &hellip;"}

Diffusion ce lundi soir à 21h05 sur La Trois de Nos jeunesses perdues d&rsquo;Eric D&rsquo;Agostino. Ce film est une immersion au coeur d’une prison de jeunes délinquants. Il nous plonge dans un huis clos pénitentiaire et nous entraîne à la rencontre d’une dizaine d’adolescents incarcérés pour des peines de longues durées, ainsi que du personnel &hellip;
